0))/(l/2)?
1
Let b(s) be the third derivative of s**4/8 - s**3/2 - s**2. Let n be b(2). Suppose n*k = 6 + 9. What is the units digit of k?
5
Suppose s - 28 = -5*a + 6, 4*s - 16 = 0. Let y(g) = g**3 - 8*g**2 + 9*g - 2. Let f be y(a). Let b = f + 28. What is the units digit of b?
8
Suppose 4*y - x - 197 = 3, -2*y - 5*x = -100. Suppose -y = 2*d - 7*d. What is the units digit of d?
0
Let v = 7 + -4. What is the units digit of 1/v*(6 - -9)?
5
Let y = 299 - 73. What is the units digit of y?
6
Let w = -33 + 50. What is the units digit of w?
7
Suppose 4*o - 8 = 4. Suppose 3*f - v - 34 = 2*f, -v = -o*f + 110. What is the tens digit of f?
3
Let r(y) = 6*y**3 - y**2 - 4*y + 69 + 5*y - 72. What is the tens digit of r(2)?
4
Suppose 0 = q - 3 - 4. Let c = 2 + q. What is the units digit of c?
9
Suppose -3*f - 2*i + 177 = i, 5*f = -3*i + 303. Let w = -45 + f. What is the tens digit of w?
1
What is the units digit of (-1)/2*-6 - -29?
2
Let n be 2*(3/2 - 0). Suppose h + n*h = 16. What is the units digit of h?
4
Suppose -2*s + x = 19, -s + 7*x = 2*x - 13. Let o = -4 - s. What is the units digit of o?
8
Let h = 6 - 6. Suppose -2*m = 4*n - 88, h = -4*n + 5*m + 97 - 23. What is the units digit of n?
1
Suppose 3*z + 4*x = -17, -3*z + 0 = -4*x - 23. What is the units digit of z?
1
Suppose -17*h = -19*h + 278. What is the tens digit of h?
3
Let m(b) = b**2 - 6*b + 3. Let r be m(5). Let q be 0/(-2)*r/(-4). Suppose q = 2*u - 6*u + 40. What is the tens digit of u?
1
Let d be 51/(-3 - (-9)/6). Let s = d - -66. What is the units digit of 24/s - (-1)/4?
1
Let o = 30 - 14. Suppose -7*l + o = -3*l. What is the units digit of l?
4
Let r = -7 + 10. Suppose -r*f = -g - 5*f - 3, 16 = 4*g + f. What is the units digit of g?
5
Suppose 1 = j + 4, -4*o + 237 = j. What is the tens digit of o?
6
Let g be (-38)/8 + (-3)/12. Let y(l) = l**3 + 6*l**2 - 2*l + 1. What is the units digit of y(g)?
6
Let l = -11 - -10. What is the tens digit of 3 + (l - 2) - -13?
1
Let x = -11 - -16. Suppose 2 = -2*y, -z + x*y + 12 = -15. What is the tens digit of z?
2
Suppose 40 = 3*x + 2*x. Let d = 18 - x. What is the tens digit of d?
1
Let l(z) = -15*z - 2. Let j be l(2). Let x = j + 48. What is the units digit of x?
6
Let x(t) = t**3 - t**2 + 6*t + 263. What is the hundreds digit of x(0)?
2
Let n be (-164)/(-6) - (-2)/3. Let r = n + -23. What is the units digit of r?
5
Let w(d) = d**3 + 9*d**2 + 8*d + 2. What is the units digit of w(-7)?
4
Suppose -240 - 40 = -4*a - 4*m, -5*a - 2*m + 359 = 0. What is the units digit of a?
3
What is the units digit of ((-2)/4)/(2/(-360))?
0
Suppose -y + 5*i = -34, 90 = 2*y + 2*i + 34. What is the tens digit of y?
2
Suppose -4*n - 3*t = -325, -5*n + 371 = -t - 21. What is the tens digit of n?
7
Let r = 13 - 1. What is the tens digit of r?
1
Suppose -p - 437 = -0*x - 5*x, -4*x + 3*p = -354. What is the units digit of x?
7
Let q(r) = r**3 - r**2 + 4*r + 1. What is the tens digit of q(4)?
6
Suppose 8*p = 5*p + 549. What is the hundreds digit of p?
1
Let k(l) = l + 1. Let p be k(0). Suppose f + 2*x = 2, 4*f - p = -4*x + 7. What is the units digit of (0 - -2)/1 + f?
4
Let x(l) = -6*l + 15. What is the tens digit of x(-7)?
5
Let y = 10 - 5. Suppose -k + 28 = c - 7, 2*k = y*c - 210. Suppose 4*h - 28 = c. What is the units digit of h?
7
What is the units digit of (-9)/(-15) - 7/((-70)/4)?
1
Let j(z) = -z**2 - 8*z + 11. Let b be j(-10). Let u(n) = -2*n - 4. What is the units digit of u(b)?
4
Let i be (6/(-5))/((-18)/60). Suppose -80 = -5*q - s - 3*s, i*s = -q. What is the units digit of q?
0
Let l(g) = g**2 + 8*g - 1. Suppose 0 = 2*m - 4*r + 30, -4*m - 3*r - 8 - 30 = 0. What is the tens digit of l(m)?
3
Let f(h) be the first derivative of 2*h**2 - 20*h - 1. What is the tens digit of f(8)?
1
Let t be 4/(-14) - (-4)/14. Suppose t = -3*p - p + 84. What is the units digit of p?
1
Suppose 1 = w - 5. Suppose w = 2*p - 24. What is the units digit of p?
5
What is the tens digit of 67 + 1 + 3/(-1)?
6
Suppose 0 = -3*y - 4*t + 16, -5*y + t + 24 = 5*t. Suppose -2*a + 70 = 4*s, 5*s - 104 = -a + y*a. What is the units digit of s?
9
Suppose 20 = 4*y, 0 = -z + 3*z - 3*y + 15. Suppose -20 = -z*x + 5*x. What is the units digit of (15/6)/((-2)/x)?
5
Let m(k) = k**2 - 12*k - 8. Let l be m(13). Suppose 4*g - 18 = l*c, 5*c - c + 30 = -2*g. What is the units digit of ((-4)/c)/((-2)/(-6))?
2
Suppose 2*w + 22 + 5 = -3*z, 2*z = 3*w + 8. Let x = 1 - w. Suppose -7 - x = -2*o. What is the units digit of o?
7
Let w = 0 - -1. Suppose w = 3*t - 11. What is the units digit of t?
4
Let j = 2 + 6. Suppose -6*p = -j*p + 12. What is the units digit of p?
6
Suppose -3*h + 85 + 62 = 0. What is the units digit of h?
9
Let j = -2 + 3. Let d be (j + 1)*(-3)/(-2). What is the units digit of -2 - -1 - (-1 - d)?
3
Suppose i = -0*i + 4, -4*p - 8 = -3*i. What is the units digit of p - (3 + 1) - -12?
9
Let y = 8 + -8. Suppose 8 = -5*d + 28. Suppose y = -d*c - 1 + 17. What is the units digit of c?
4
Let d be -1*(-5 - (-3)/1). Suppose 2 = a, 2*w + a = -d*a + 6. Suppose 0 = 5*b - 2*o - 2*o - 45, w = -3*b - 3*o. What is the units digit of b?
5
Let n = -5 - -9. Let v be (84/(-20))/7*-35. What is the tens digit of (-114)/n*(-14)/v?
1
Let p be ((2 + -2)/(-1))/1. Suppose p = 3*g - 2*g. Suppose g = 3*z - z - 8. What is the units digit of z?
4
Let w be (-61)/(-2) - 4/(-8). Suppose -3*j + w = 1. What is the tens digit of j?
1
Suppose 4*g = 2*w + 4, 2*w = -2 + 6. What is the units digit of g?
2
Suppose -3*j - 144 = -7*j. What is the tens digit of j?
3
Let q(m) = m**3 - 12*m**2 + m - 8. Let y be q(12). What is the tens digit of (32 - (y - 5)) + 3?
3
Let a(k) = k**2 + 3*k - 3. Let n(t) = 5*t**2 + 13*t - 13. Let m(b) = -9*a(b) + 2*n(b). Let p be ((-42)/(-105))/((-2)/(-20)). What is the units digit of m(p)?
3
Let p(k) = 7*k**2 + 3*k - 3. What is the tens digit of p(-3)?
5
Suppose 3*w - 855 = 3*i, 5*w + 3*i - 1224 = 217. What is the tens digit of w?
8
Let r be (-932)/(-18) + 10/45. Let n be (23 + 1)*3/(-2). Let k = n + r. What is the tens digit of k?
1
Let k(y) = y + y - 9 - y + 0*y. Let x be k(6). What is the units digit of (6 - 9)/(x/4)?
4
Let b = 3 + -3. Let i be 0/(3 + -1 - b). Suppose 3*q = -i*q + 33. What is the tens digit of q?
1
Let p be (-1)/(1/6) + 3. What is the units digit of 17 + p*6/9?
5
Suppose -2*t - 4*f + 10 = -12, -7 = 3*t - 4*f. Suppose 20 = z - t*l, l = -0*z - z + 20. What is the units digit of z?
0
Suppose 5*c + 7 = -3*z - 1, c - 12 = -4*z. Let x = z - 2. Suppose -6 = -x*r - 0. What is the units digit of r?
3
Suppose 4*y - 4 + 0 = 4*q, 0 = -y + 5*q + 21. Let p = y + 5. What is the units digit of p?
1
Let d(m) = m**2 + 4. Let g be d(0). Suppose 0*o - 60 = -g*o - 3*n, o + 3*n - 6 = 0. What is the units digit of o?
8
Let c be 120/9*6/4. Suppose -3*r - c = -5*x + 61, r = 3. What is the units digit of x?
8
Suppose p + 2*h + 4 - 1 = 0, -2*p = -h - 14. Suppose -3*c = -p*c. Suppose c*z = z - 1. What is the units digit of z?
1
Let g = 2 + 1. Suppose -4*d + 0*d = -g*o + 31, o + 3*d + 7 = 0. Suppose 0 = -2*q + o*q - 21. What is the units digit of q?
7
Let y(k) = -k + 8. Suppose 5*h - 5*m + 7 = -8, -2*h - 2 = -m. Suppose r = 2*d + 8, r - h = -2*d - 3*d. What is the units digit of y(r)?
2
Let s(a) = a + 11. Let i(c) = c**3 - 6*c**2 + 3*c - 9. Let y be i(6). What is the units digit of s(y)?
0
Suppose 0*m - 3*s - 1 = m, 0 = 2*m - 5*s + 35. Suppose 8*f + 60 = 4*f. What is the units digit of (-38)/m - 3/f?
4
Let d be (-4 - -6)/(4/10). Suppose -3*x - 82 = s - 2*s, 0 = -s + d*x + 90. Suppose 4*g + g = s. What is the units digit of g?
4
Let w = 623 + -307. What is the units digit of w?
6
Let w be (-3)/(-2)*(-10)/3. Let g be (-1)/w + (-27)/(-15). Suppose -2*z - g*z + 72 = 0. What is the units digit of z?
8
Let x(f) = f**2 + 6*f - 2. Let w be x(-6). Let t(m) = 19*m + 2. Let d be t(1). What is the units digit of (-4*d/6)/w?
7
Suppose 9*d - 398 = 1033. What is the tens digit of d?
5
Let n be (-1)/(-2*2/252). Suppose 0 = -i + 5*i + 5*q - 83, 3*i + 4*q = n. What is the tens digit of i?
1
Let g = 84 - 53. What is the units digit of g?
1
Let a(m) = -m**3 - 2*m**2 + 2*m + 1. Let q be a(-3). Suppose -39 = -5*c - x, 4*x = -c - q*c + 36. What is the units digit of c?
8
Let w be ((-42)/(-8))/((-6)/(-16)). Let g = -8 + w. What is the units digit of g?
6
Le